{"id":979,"date":"2024-02-08T14:37:29","date_gmt":"2024-02-08T13:37:29","guid":{"rendered":"https:\/\/juraparkbaltow.pl\/wycieczki-szkolne\/?page_id=979"},"modified":"2025-10-09T11:37:48","modified_gmt":"2025-10-09T09:37:48","slug":"zielone-szkoly","status":"publish","type":"page","link":"https:\/\/juraparkbaltow.pl\/wycieczki-szkolne\/zielone-szkoly\/","title":{"rendered":"Zielone Szko\u0142y"},"content":{"rendered":"\t\t<div data-elementor-type=\"wp-page\" data-elementor-id=\"979\" class=\"elementor elementor-979\" data-elementor-post-type=\"page\">\n\t\t\t\t<div class=\"elementor-element elementor-element-f0e551f e-flex e-con-boxed e-con e-parent\" data-id=\"f0e551f\" data-element_type=\"container\" data-e-type=\"container\">\n\t\t\t\t\t<div class=\"e-con-inner\">\n\t\t\t\t<div class=\"elementor-element elementor-element-aa3d710 elementor-widget elementor-widget-heading\" data-id=\"aa3d710\" data-element_type=\"widget\" data-e-type=\"widget\" data-widget_type=\"heading.default\">\n\t\t\t\t<div class=\"elementor-widget-container\">\n\t\t\t\t\t<h1 class=\"elementor-heading-title elementor-size-default\">Zielona Szko\u0142a<\/h1>\t\t\t\t<\/div>\n\t\t\t\t<\/div>\n\t\t\t\t<div class=\"elementor-element elementor-element-7a97a4c elementor-widget elementor-widget-heading\" data-id=\"7a97a4c\" data-element_type=\"widget\" data-e-type=\"widget\" data-widget_type=\"heading.default\">\n\t\t\t\t<div class=\"elementor-widget-container\">\n\t\t\t\t\t<h3 class=\"elementor-heading-title elementor-size-default\">2-dniowe i 3-dniowe wycieczki integracyjne<\/h3>\t\t\t\t<\/div>\n\t\t\t\t<\/div>\n\t\t\t\t<div class=\"elementor-element elementor-element-b61e84f elementor-widget elementor-widget-text-editor\" data-id=\"b61e84f\" data-element_type=\"widget\" data-e-type=\"widget\" data-widget_type=\"text-editor.default\">\n\t\t\t\t<div class=\"elementor-widget-container\">\n\t\t\t\t\t\t\t\t\t<p>Razem stw\u00f3rzmy niezapomniane wspomnienia<\/p>\t\t\t\t\t\t\t\t<\/div>\n\t\t\t\t<\/div>\n\t\t\t\t\t<\/div>\n\t\t\t\t<\/div>\n\t\t<div class=\"elementor-element elementor-element-317816e e-flex e-con-boxed e-con e-parent\" data-id=\"317816e\" data-element_type=\"container\" data-e-type=\"container\">\n\t\t\t\t\t<div class=\"e-con-inner\">\n\t\t<div class=\"elementor-element elementor-element-806202b e-con-full e-flex e-con e-child\" data-id=\"806202b\" data-element_type=\"container\" data-e-type=\"container\" data-settings=\"{&quot;background_background&quot;:&quot;classic&quot;}\">\n\t\t\t\t<div class=\"elementor-element elementor-element-546d34f elementor-widget elementor-widget-heading\" data-id=\"546d34f\" data-element_type=\"widget\" data-e-type=\"widget\" data-widget_type=\"heading.default\">\n\t\t\t\t<div class=\"elementor-widget-container\">\n\t\t\t\t\t<h4 class=\"elementor-heading-title elementor-size-default\">KOMPLEKSOWA ORAGNIZACJA POBYTU<\/h4>\t\t\t\t<\/div>\n\t\t\t\t<\/div>\n\t\t\t\t<div class=\"elementor-element elementor-element-c16adb0 elementor-widget elementor-widget-text-editor\" data-id=\"c16adb0\" data-element_type=\"widget\" data-e-type=\"widget\" data-widget_type=\"text-editor.default\">\n\t\t\t\t<div class=\"elementor-widget-container\">\n\t\t\t\t\t\t\t\t\t<p>Zle\u0107 nam organizacj\u0119 twojej wycieczki.<\/p>\t\t\t\t\t\t\t\t<\/div>\n\t\t\t\t<\/div>\n\t\t\t\t<div class=\"elementor-element elementor-element-c640b29 elementor-widget elementor-widget-heading\" data-id=\"c640b29\" data-element_type=\"widget\" data-e-type=\"widget\" data-widget_type=\"heading.default\">\n\t\t\t\t<div class=\"elementor-widget-container\">\n\t\t\t\t\t<h4 class=\"elementor-heading-title elementor-size-default\">NOCLEGI<\/h4>\t\t\t\t<\/div>\n\t\t\t\t<\/div>\n\t\t\t\t<div class=\"elementor-element elementor-element-802f823 elementor-widget elementor-widget-text-editor\" data-id=\"802f823\" data-element_type=\"widget\" data-e-type=\"widget\" data-widget_type=\"text-editor.default\">\n\t\t\t\t<div class=\"elementor-widget-container\">\n\t\t\t\t\t\t\t\t\t<p>Komfortowe domki na terenie kompleksu.<\/p>\t\t\t\t\t\t\t\t<\/div>\n\t\t\t\t<\/div>\n\t\t\t\t<div class=\"elementor-element elementor-element-79d0be1 elementor-widget elementor-widget-heading\" data-id=\"79d0be1\" data-element_type=\"widget\" data-e-type=\"widget\" data-widget_type=\"heading.default\">\n\t\t\t\t<div class=\"elementor-widget-container\">\n\t\t\t\t\t<h4 class=\"elementor-heading-title elementor-size-default\">ATRAKCJE<\/h4>\t\t\t\t<\/div>\n\t\t\t\t<\/div>\n\t\t\t\t<div class=\"elementor-element elementor-element-7762672 elementor-widget elementor-widget-text-editor\" data-id=\"7762672\" data-element_type=\"widget\" data-e-type=\"widget\" data-widget_type=\"text-editor.default\">\n\t\t\t\t<div class=\"elementor-widget-container\">\n\t\t\t\t\t\t\t\t\t<p>Korzystaj bez limit\u00f3w &#8211; ze wszystkiego, co oferuje JuraPark Ba\u0142t\u00f3w.<\/p>\t\t\t\t\t\t\t\t<\/div>\n\t\t\t\t<\/div>\n\t\t\t\t<div class=\"elementor-element elementor-element-195572d elementor-widget elementor-widget-heading\" data-id=\"195572d\" data-element_type=\"widget\" data-e-type=\"widget\" data-widget_type=\"heading.default\">\n\t\t\t\t<div class=\"elementor-widget-container\">\n\t\t\t\t\t<h4 class=\"elementor-heading-title elementor-size-default\">ANIMACJE<\/h4>\t\t\t\t<\/div>\n\t\t\t\t<\/div>\n\t\t\t\t<div class=\"elementor-element elementor-element-1b9df2c elementor-widget elementor-widget-text-editor\" data-id=\"1b9df2c\" data-element_type=\"widget\" data-e-type=\"widget\" data-widget_type=\"text-editor.default\">\n\t\t\t\t<div class=\"elementor-widget-container\">\n\t\t\t\t\t\t\t\t\t<p>Bogaty program animacji &#8211; pe\u0142en gier, animacji i kreatywnych warsztat\u00f3w.<\/p>\t\t\t\t\t\t\t\t<\/div>\n\t\t\t\t<\/div>\n\t\t\t\t<div class=\"elementor-element elementor-element-f2690a6 elementor-widget elementor-widget-heading\" data-id=\"f2690a6\" data-element_type=\"widget\" data-e-type=\"widget\" data-widget_type=\"heading.default\">\n\t\t\t\t<div class=\"elementor-widget-container\">\n\t\t\t\t\t<h4 class=\"elementor-heading-title elementor-size-default\">GASTRONOMIA<\/h4>\t\t\t\t<\/div>\n\t\t\t\t<\/div>\n\t\t\t\t<div class=\"elementor-element elementor-element-ecaafc9 elementor-widget elementor-widget-text-editor\" data-id=\"ecaafc9\" data-element_type=\"widget\" data-e-type=\"widget\" data-widget_type=\"text-editor.default\">\n\t\t\t\t<div class=\"elementor-widget-container\">\n\t\t\t\t\t\t\t\t\t<p class=\"p1\">Zbilansowane wy\u017cywienie, kt\u00f3re zapewni Ci <span style=\"color: var( --e-global-color-text ); font-family: var( --e-global-typography-text-font-family ), Sans-serif; font-weight: var( --e-global-typography-text-font-weight ); text-align: var(--text-align); font-size: 1rem;\">energi\u0119 na ca\u0142y dzie\u0144.<\/span><\/p>\t\t\t\t\t\t\t\t<\/div>\n\t\t\t\t<\/div>\n\t\t\t\t<\/div>\n\t\t<div class=\"elementor-element elementor-element-bb80697 e-con-full e-flex e-con e-child\" data-id=\"bb80697\" data-element_type=\"container\" data-e-type=\"container\" data-settings=\"{&quot;background_background&quot;:&quot;classic&quot;}\">\n\t\t\t\t<div class=\"elementor-element elementor-element-52ea825 elementor-widget elementor-widget-image\" data-id=\"52ea825\" data-element_type=\"widget\" data-e-type=\"widget\" data-widget_type=\"image.default\">\n\t\t\t\t<div class=\"elementor-widget-container\">\n\t\t\t\t\t\t\t\t\t\t\t\t\t\t\t<img loading=\"lazy\" decoding=\"async\" loading=\"lazy\" width=\"800\" height=\"534\" src=\"https:\/\/juraparkbaltow.pl\/wycieczki-szkolne\/wp-content\/uploads\/2025\/10\/jurapark-1-1024x683.jpg\" class=\"attachment-large size-large wp-image-1812\" alt=\"\" srcset=\"https:\/\/juraparkbaltow.pl\/wycieczki-szkolne\/wp-content\/uploads\/2025\/10\/jurapark-1-1024x683.jpg.webp 1024w, https:\/\/juraparkbaltow.pl\/wycieczki-szkolne\/wp-content\/uploads\/2025\/10\/jurapark-1-300x200.jpg.webp 300w, https:\/\/juraparkbaltow.pl\/wycieczki-szkolne\/wp-content\/uploads\/2025\/10\/jurapark-1-768x512.jpg.webp 768w, https:\/\/juraparkbaltow.pl\/wycieczki-szkolne\/wp-content\/uploads\/2025\/10\/jurapark-1-1536x1024.jpg.webp 1536w, https:\/\/juraparkbaltow.pl\/wycieczki-szkolne\/wp-content\/uploads\/2025\/10\/jurapark-1-2048x1365.jpg.webp 2048w\" sizes=\"auto, (max-width: 800px) 100vw, 800px\" \/>\t\t\t\t\t\t\t\t\t\t\t\t\t\t\t<\/div>\n\t\t\t\t<\/div>\n\t\t\t\t<div class=\"elementor-element elementor-element-f658393 elementor-widget elementor-widget-image\" data-id=\"f658393\" data-element_type=\"widget\" data-e-type=\"widget\" data-widget_type=\"image.default\">\n\t\t\t\t<div class=\"elementor-widget-container\">\n\t\t\t\t\t\t\t\t\t\t\t\t\t\t\t<img loading=\"lazy\" decoding=\"async\" loading=\"lazy\" width=\"800\" height=\"534\" src=\"https:\/\/juraparkbaltow.pl\/wycieczki-szkolne\/wp-content\/uploads\/2025\/10\/Park-Zabaw_Baltow1-1024x683.jpg\" class=\"attachment-large size-large wp-image-1806\" alt=\"\" srcset=\"https:\/\/juraparkbaltow.pl\/wycieczki-szkolne\/wp-content\/uploads\/2025\/10\/Park-Zabaw_Baltow1-1024x683.jpg.webp 1024w, https:\/\/juraparkbaltow.pl\/wycieczki-szkolne\/wp-content\/uploads\/2025\/10\/Park-Zabaw_Baltow1-300x200.jpg.webp 300w, https:\/\/juraparkbaltow.pl\/wycieczki-szkolne\/wp-content\/uploads\/2025\/10\/Park-Zabaw_Baltow1-768x512.jpg.webp 768w, https:\/\/juraparkbaltow.pl\/wycieczki-szkolne\/wp-content\/uploads\/2025\/10\/Park-Zabaw_Baltow1-1536x1024.jpg.webp 1536w, https:\/\/juraparkbaltow.pl\/wycieczki-szkolne\/wp-content\/uploads\/2025\/10\/Park-Zabaw_Baltow1-2048x1365.jpg.webp 2048w\" sizes=\"auto, (max-width: 800px) 100vw, 800px\" \/>\t\t\t\t\t\t\t\t\t\t\t\t\t\t\t<\/div>\n\t\t\t\t<\/div>\n\t\t\t\t<\/div>\n\t\t<div class=\"elementor-element elementor-element-db0f610 e-con-full e-flex e-con e-child\" data-id=\"db0f610\" data-element_type=\"container\" data-e-type=\"container\" data-settings=\"{&quot;background_background&quot;:&quot;classic&quot;}\">\n\t\t\t\t<div class=\"elementor-element elementor-element-d78dc01 elementor-widget elementor-widget-image\" data-id=\"d78dc01\" data-element_type=\"widget\" data-e-type=\"widget\" data-widget_type=\"image.default\">\n\t\t\t\t<div class=\"elementor-widget-container\">\n\t\t\t\t\t\t\t\t\t\t\t\t\t\t\t<img loading=\"lazy\" decoding=\"async\" loading=\"lazy\" width=\"800\" height=\"534\" src=\"https:\/\/juraparkbaltow.pl\/wycieczki-szkolne\/wp-content\/uploads\/2025\/10\/wycieczki-szkolne-2025-2-1024x683.jpg\" class=\"attachment-large size-large wp-image-1807\" alt=\"\" srcset=\"https:\/\/juraparkbaltow.pl\/wycieczki-szkolne\/wp-content\/uploads\/2025\/10\/wycieczki-szkolne-2025-2-1024x683.jpg.webp 1024w, https:\/\/juraparkbaltow.pl\/wycieczki-szkolne\/wp-content\/uploads\/2025\/10\/wycieczki-szkolne-2025-2-300x200.jpg.webp 300w, https:\/\/juraparkbaltow.pl\/wycieczki-szkolne\/wp-content\/uploads\/2025\/10\/wycieczki-szkolne-2025-2-768x512.jpg.webp 768w, https:\/\/juraparkbaltow.pl\/wycieczki-szkolne\/wp-content\/uploads\/2025\/10\/wycieczki-szkolne-2025-2-1536x1024.jpg.webp 1536w, https:\/\/juraparkbaltow.pl\/wycieczki-szkolne\/wp-content\/uploads\/2025\/10\/wycieczki-szkolne-2025-2-2048x1365.jpg.webp 2048w\" sizes=\"auto, (max-width: 800px) 100vw, 800px\" \/>\t\t\t\t\t\t\t\t\t\t\t\t\t\t\t<\/div>\n\t\t\t\t<\/div>\n\t\t\t\t<div class=\"elementor-element elementor-element-ac35ab4 elementor-widget elementor-widget-image\" data-id=\"ac35ab4\" data-element_type=\"widget\" data-e-type=\"widget\" data-widget_type=\"image.default\">\n\t\t\t\t<div class=\"elementor-widget-container\">\n\t\t\t\t\t\t\t\t\t\t\t\t\t\t\t<img loading=\"lazy\" decoding=\"async\" loading=\"lazy\" width=\"800\" height=\"534\" src=\"https:\/\/juraparkbaltow.pl\/wycieczki-szkolne\/wp-content\/uploads\/2025\/10\/3V9A1757-1024x683.jpg\" class=\"attachment-large size-large wp-image-1811\" alt=\"\" srcset=\"https:\/\/juraparkbaltow.pl\/wycieczki-szkolne\/wp-content\/uploads\/2025\/10\/3V9A1757-1024x683.jpg.webp 1024w, https:\/\/juraparkbaltow.pl\/wycieczki-szkolne\/wp-content\/uploads\/2025\/10\/3V9A1757-300x200.jpg.webp 300w, https:\/\/juraparkbaltow.pl\/wycieczki-szkolne\/wp-content\/uploads\/2025\/10\/3V9A1757-768x512.jpg.webp 768w, https:\/\/juraparkbaltow.pl\/wycieczki-szkolne\/wp-content\/uploads\/2025\/10\/3V9A1757-1536x1024.jpg.webp 1536w, https:\/\/juraparkbaltow.pl\/wycieczki-szkolne\/wp-content\/uploads\/2025\/10\/3V9A1757-2048x1366.jpg.webp 2048w\" sizes=\"auto, (max-width: 800px) 100vw, 800px\" \/>\t\t\t\t\t\t\t\t\t\t\t\t\t\t\t<\/div>\n\t\t\t\t<\/div>\n\t\t\t\t<\/div>\n\t\t<div class=\"elementor-element elementor-element-bbd5978 e-con-full e-flex e-con e-child\" data-id=\"bbd5978\" data-element_type=\"container\" data-e-type=\"container\" data-settings=\"{&quot;background_background&quot;:&quot;classic&quot;}\">\n\t\t\t\t<div class=\"elementor-element elementor-element-8b86104 elementor-widget elementor-widget-heading\" data-id=\"8b86104\" data-element_type=\"widget\" data-e-type=\"widget\" data-widget_type=\"heading.default\">\n\t\t\t\t<div class=\"elementor-widget-container\">\n\t\t\t\t\t<h4 class=\"elementor-heading-title elementor-size-default\">INTEGRACJA<\/h4>\t\t\t\t<\/div>\n\t\t\t\t<\/div>\n\t\t\t\t<div class=\"elementor-element elementor-element-48adfa8 elementor-widget__width-inherit elementor-widget elementor-widget-text-editor\" data-id=\"48adfa8\" data-element_type=\"widget\" data-e-type=\"widget\" data-widget_type=\"text-editor.default\">\n\t\t\t\t<div class=\"elementor-widget-container\">\n\t\t\t\t\t\t\t\t\t<p>Wsp\u00f3lne grillowanie lub ognisko.<\/p>\t\t\t\t\t\t\t\t<\/div>\n\t\t\t\t<\/div>\n\t\t\t\t<div class=\"elementor-element elementor-element-8113ef0 elementor-widget elementor-widget-heading\" data-id=\"8113ef0\" data-element_type=\"widget\" data-e-type=\"widget\" data-widget_type=\"heading.default\">\n\t\t\t\t<div class=\"elementor-widget-container\">\n\t\t\t\t\t<h4 class=\"elementor-heading-title elementor-size-default\">POLECAMY W OKOLICY<\/h4>\t\t\t\t<\/div>\n\t\t\t\t<\/div>\n\t\t\t\t<div class=\"elementor-element elementor-element-51835bc elementor-widget__width-inherit elementor-widget elementor-widget-text-editor\" data-id=\"51835bc\" data-element_type=\"widget\" data-e-type=\"widget\" data-widget_type=\"text-editor.default\">\n\t\t\t\t<div class=\"elementor-widget-container\">\n\t\t\t\t\t\t\t\t\t<p><strong>\u017bYWE MUZEUM PORCELANY \u0106MIEL\u00d3W<\/strong><br \/>Miasteczko \u0106miel\u00f3w s\u0142ynie z produkowanej<br \/>tu najwy\u017cszej jako\u015bci porcelany. W<br \/>2005 roku na terenie dawnej Wytw\u00f3rni<br \/>Porcelany \u201e\u015awit\u201d powsta\u0142o pierwsze w<br \/>Polsce \u201e\u017bywe Muzeum Porcelany\u201d<\/p><p><strong>MUZEUM ARCHEOLOGICZNE<\/strong><br \/><strong>I REZERWAT \u201eKRZEMIONKI<\/strong><br \/>To najciekawszy zabytek archeologiczny<br \/>Polski, a jednocze\u015bnie jeden<br \/>z najcenniejszych na \u015bwiecie zabytk\u00f3w<br \/>pradziejowego g\u00f3rnictwa.\u00a0<br \/>Krzemionki zosta\u0142y wpisane w 2019 roku<br \/>na List\u0119 \u015awiatowego Dziedzictwa UNESCO<\/p>\t\t\t\t\t\t\t\t<\/div>\n\t\t\t\t<\/div>\n\t\t\t\t<div class=\"elementor-element elementor-element-94dc826 elementor-widget elementor-widget-heading\" data-id=\"94dc826\" data-element_type=\"widget\" data-e-type=\"widget\" data-widget_type=\"heading.default\">\n\t\t\t\t<div class=\"elementor-widget-container\">\n\t\t\t\t\t<h4 class=\"elementor-heading-title elementor-size-default\">BEZPIECZE\u0143STWO<\/h4>\t\t\t\t<\/div>\n\t\t\t\t<\/div>\n\t\t\t\t<div class=\"elementor-element elementor-element-b4512ab elementor-widget__width-inherit elementor-widget elementor-widget-text-editor\" data-id=\"b4512ab\" data-element_type=\"widget\" data-e-type=\"widget\" data-widget_type=\"text-editor.default\">\n\t\t\t\t<div class=\"elementor-widget-container\">\n\t\t\t\t\t\t\t\t\t<p>Opieka profesjonalnej kadry \u2013 opiekun\u00f3w i instruktor\u00f3w.<\/p>\t\t\t\t\t\t\t\t<\/div>\n\t\t\t\t<\/div>\n\t\t\t\t<div class=\"elementor-element elementor-element-b638fd5 elementor-widget elementor-widget-heading\" data-id=\"b638fd5\" data-element_type=\"widget\" data-e-type=\"widget\" data-widget_type=\"heading.default\">\n\t\t\t\t<div class=\"elementor-widget-container\">\n\t\t\t\t\t<h4 class=\"elementor-heading-title elementor-size-default\">AKTYWNY WYPOCZYNEK<\/h4>\t\t\t\t<\/div>\n\t\t\t\t<\/div>\n\t\t\t\t<div class=\"elementor-element elementor-element-edbdd3b elementor-widget__width-inherit elementor-widget elementor-widget-text-editor\" data-id=\"edbdd3b\" data-element_type=\"widget\" data-e-type=\"widget\" data-widget_type=\"text-editor.default\">\n\t\t\t\t<div class=\"elementor-widget-container\">\n\t\t\t\t\t\t\t\t\t<p>Wypo\u017cyczalnia rower\u00f3w, piesze \u015bcie\u017cki turystyczne, questing i wiele innych.<\/p>\t\t\t\t\t\t\t\t<\/div>\n\t\t\t\t<\/div>\n\t\t\t\t<\/div>\n\t\t\t\t\t<\/div>\n\t\t\t\t<\/div>\n\t\t\t\t<\/div>\n\t\t","protected":false},"excerpt":{"rendered":"<p>Zielona Szko\u0142a 2-dniowe i 3-dniowe wycieczki integracyjne Razem stw\u00f3rzmy niezapomniane wspomnienia KOMPLEKSOWA ORAGNIZACJA POBYTU Zle\u0107 nam organizacj\u0119 twojej wycieczki. NOCLEGI Komfortowe domki na terenie kompleksu. ATRAKCJE Korzystaj bez limit\u00f3w &#8211; ze wszystkiego, co oferuje JuraPark Ba\u0142t\u00f3w. ANIMACJE Bogaty program animacji &#8211; pe\u0142en gier, animacji i kreatywnych warsztat\u00f3w. GASTRONOMIA Zbilansowane wy\u017cywienie, kt\u00f3re zapewni Ci energi\u0119 na [&hellip;]<\/p>\n","protected":false},"author":2,"featured_media":0,"parent":0,"menu_order":0,"comment_status":"closed","ping_status":"closed","template":"","meta":{"footnotes":""},"class_list":["post-979","page","type-page","status-publish","hentry"],"_links":{"self":[{"href":"https:\/\/juraparkbaltow.pl\/wycieczki-szkolne\/wp-json\/wp\/v2\/pages\/979","targetHints":{"allow":["GET"]}}],"collection":[{"href":"https:\/\/juraparkbaltow.pl\/wycieczki-szkolne\/wp-json\/wp\/v2\/pages"}],"about":[{"href":"https:\/\/juraparkbaltow.pl\/wycieczki-szkolne\/wp-json\/wp\/v2\/types\/page"}],"author":[{"embeddable":true,"href":"https:\/\/juraparkbaltow.pl\/wycieczki-szkolne\/wp-json\/wp\/v2\/users\/2"}],"replies":[{"embeddable":true,"href":"https:\/\/juraparkbaltow.pl\/wycieczki-szkolne\/wp-json\/wp\/v2\/comments?post=979"}],"version-history":[{"count":19,"href":"https:\/\/juraparkbaltow.pl\/wycieczki-szkolne\/wp-json\/wp\/v2\/pages\/979\/revisions"}],"predecessor-version":[{"id":1818,"href":"https:\/\/juraparkbaltow.pl\/wycieczki-szkolne\/wp-json\/wp\/v2\/pages\/979\/revisions\/1818"}],"wp:attachment":[{"href":"https:\/\/juraparkbaltow.pl\/wycieczki-szkolne\/wp-json\/wp\/v2\/media?parent=979"}],"curies":[{"name":"wp","href":"https:\/\/api.w.org\/{rel}","templated":true}]}}